 - 2340 = 8*d. Does 26 divide (1/(-1))/(10/d)?
True
Is 4160/(-24)*-2*30/8 a multiple of 5?
True
Is 17 a factor of (176/(-220))/(-2 - 2738/(-1370))?
False
Let l(y) be the first derivative of -2*y**2 - 3*y - 190. Suppose 0*v = -2*v - 20. Does 37 divide l(v)?
True
Is 24 a factor of -2 + ((-42)/399 - (-14632)/19)?
True
Let y(r) = -r**2 - 2*r + 3. Let p be y(-3). Suppose -4*x + 17 + 7 = p. Let s(f) = f**2 - 12. Is s(x) a multiple of 8?
True
Let j(h) = h**2 + 7*h - 4. Let u be j(-7). Let w = u - -5. Is 31 a factor of (3 - w)*(71 - 13)?
False
Let d(v) be the third derivative of 2*v**5/15 + v**4/3 - 7*v**3/6 + 29*v**2. Does 27 divide d(-5)?
False
Is (-12 - (-6 - 2)) + 118 a multiple of 6?
True
Suppose 0 = -4*o + 2 + 6, -2*a + 4*o - 60 = 0. Let r = -16 - a. Let b(m) = 2*m - 11. Is b(r) a multiple of 2?
False
Let v = -93 + 58. Let a = v + 46. Is a even?
False
Let k be (4/(-16))/(2/(-16)). Suppose 3*u - 30 + 12 = 4*r, -k*r = 3*u - 36. Does 9 divide u?
False
Suppose 162*o + 19215 = 167*o. Is 23 a factor of o?
False
Let l be (-13)/1 + (4 - 1). Let o = l - -10. Suppose 97 = 4*y + 3*c, o*y - 2*c = 2*y - 46. Is 7 a factor of y?
True
Suppose -5*c + c + 732 = 0. Suppose 0 = -4*a + c + 41. Is a a multiple of 14?
True
Suppose 69 = -3*b - 3*r, 4*b - 4*r = r - 110. Is 7 a factor of (3 - -9)/(2 + b/14)?
True
Let y(c) = c**2 - 10*c + 19. Let h be y(8). Let t be 2/(-1 + (-6)/(-4)). Suppose -t*q + 55 = 3*u, -h*u + q = -27 - 23. Is u a multiple of 4?
False
Let x(q) = 26*q - 44. Suppose 0*p = 5*p + 5*l - 45, 2*p - 3*l = 28. Is 41 a factor of x(p)?
False
Suppose -l = -4*u - 265 - 113, -1805 = -5*l + 3*u. Does 13 divide l?
False
Suppose -461*y = -452*y - 11664. Does 17 divide y?
False
Let l = -1317 - -2845. Does 54 divide l?
False
Let c = -67 - -67. Suppose 0 = f - 2*f - 5*o + 54, c = -4*o. Is 6 a factor of f?
True
Suppose 3*p = 12 + 3. Suppose -4*y + 133 = a, -p*y - 3*a = -0*a - 175. Is 8 a factor of y?
True
Let h be ((-3)/(-6))/((-4)/(-552)). Let g = h - 5. Is 8 a factor of g?
True
Does 8 divide 1262 - -5*24/(-20)?
True
Let u(w) = w**2 + 2*w + 21. Is u(-9) a multiple of 21?
True
Let a = 82 + -38. Suppose -2*y - 5*s = -26, 5*y - s + 6 - a = 0. Is 5 a factor of y?
False
Let l(w) = -w**2 - w + 9. Let u be l(-6). Is (u/42)/((-2)/32) a multiple of 7?
False
Let z(x) = x**3 - 14*x**2 + 9*x + 30. Does 78 divide z(14)?
True
Suppose -5 = 5*b - 0. Is 12 a factor of -2 - b*(1 - -2) - -59?
True
Let m(y) = -y**2 - 10*y + 3. Let u be m(-10). Suppose u = i - h, -12 = -4*i + 4*h - 9*h. Suppose -i*o = -59 - 19. Is o a multiple of 9?
False
Let o = -47 + 2207. Does 54 divide o?
True
Suppose -7 = -2*x - 3. Suppose x*t + 3*g = 63, 2*g + 0 - 92 = -3*t. Does 10 divide t?
True
Let v(n) = 2*n + 16. Let c be v(-7). Suppose -z - 5*m + 215 = 0, 6*m - c*m + 1220 = 5*z. Is z a multiple of 15?
True
Let n = 6 + -2. Suppose -n*m = -8*m + 432. Is m a multiple of 27?
True
Let f(z) = -z**3 - 26*z**2 + 14*z + 17. Let p be f(-12). Let a = p + 1384. Is 29 a factor of ((-6)/(-18))/((-3)/a)?
True
Suppose -p = -4, 2*u + 1 - 355 = 3*p. Does 20 divide u?
False
Suppose 120 + 72 = 5*v - 4*k, 2*v - 82 = -k. Is 8 a factor of v?
True
Suppose r - 1404 + 0 = -2*b, -2*b - 4*r + 1404 = 0. Is 3 a factor of b?
True
Let q(i) = i**3 - 12*i**2 + 2*i - 16. Let p be q(12). Suppose 12*a - p*a = 244. Is a a multiple of 13?
False
Suppose -12*p + 14*p = 80. Let f = -25 + p. Is f a multiple of 12?
False
Let a(r) = -r**3 - 10*r**2 + 8*r + 15. Let o be (-18)/4 + 1/2. Let v be (-95)/5 - o - -4. Is a(v) a multiple of 16?
True
Suppose 8*s - 2*w - 316 = 4*s, 4*s - 316 = -2*w. Suppose -s = -0*v - v. Is 4 a factor of v?
False
Let x(o) = o**2 - 10*o - 1. Let b be x(10). Let p be 15/6*36*1. Is 7*b*p/(-21) a multiple of 15?
True
Let o(y) = -y**2 + 3*y - 2. Let p be o(2). Let v = 22 - 12. Suppose p = 3*w - 5*w + v, -b + 19 = 3*w. Is 2 a factor of b?
True
Let c be 2 + -3 + (1 - 0). Let z(w) = -w**2 - w + 126. Is z(c) a multiple of 7?
True
Suppose -3*j = -4*j + 3*r + 9, 5*j = 2*r + 45. Let y(n) = 5*n - 13. Is 16 a factor of y(j)?
True
Suppose 141*i = 126*i + 8355. Is i a multiple of 7?
False
Is 33*((-1)/9)/((-13)/741) a multiple of 11?
True
Let m be (-34 - 8) + (-1 - 0). Let n = -23 - m. Is 5 a factor of n?
True
Let v(y) = 217*y - 710. Is 20 a factor of v(10)?
True
Let f = -515 - -733. Let q = f + -11. Let u = q - 137. Does 10 divide u?
True
Let n be (-2)/(-4) - (-2805)/22. Suppose b - n = -2*z, b + 61 = z - 0*b. Is 21 a factor of z?
True
Let l(g) = 2*g**3 - 18*g**2 + g + 4. Let p be l(9). Suppose -p*m + 420 = -100. Is 4 a factor of m?
True
Let m = 60 - 35. Let s = -13 + m. Does 2 divide s?
True
Let w(u) be the first derivative of 11*u**2/2 - 4*u - 2. Suppose 5*h - 2 - 13 = 0. Is w(h) a multiple of 13?
False
Suppose 0*w - 5*w = 5*p + 35, 4*p - w = -8. Let b be 8/3*p/(-2). Suppose -u + 2*u - 17 = -3*h, -2*u + b*h = -24. Is 7 a factor of u?
True
Let b = 3124 - 1981. Does 14 divide b?
False
Suppose 4 = 4*q, 7*r + 700 = 11*r + 4*q. Is r a multiple of 25?
False
Suppose 2*g - 433 + 137 = 0. Suppose -26*x - 616 = -19*x. Let p = g + x. Is p a multiple of 20?
True
Is 70 a factor of 12/(((-9)/(-63))/(5/2))?
True
Does 8 divide (-4 - (-1105)/10)/(2/8)?
False
Suppose 4*f + v = 397, v = f - 3*v - 112. Suppose f = 3*q - 2*z, -15 + 47 = q - 2*z. Is 17 a factor of q?
True
Suppose 0 = 11*t - 18*t + 196. Is t a multiple of 7?
True
Let v be 7*(46 + 2)*(-3)/21. Is 3 a factor of v/(-10)*60/12?
True
Suppose 42*j - 70 = 37*j. Suppose 0 = -s - 7 + 1. Let r = j + s. Is r a multiple of 3?
False
Suppose k = -5*v - 197 + 930, -5*k - 5*v = -3565. Does 64 divide k?
False
Let p(v) = -v**2 + 11*v + 45. Is 55 a factor of p(10)?
True
Suppose 3*g = m + g - 680, -3*m + 2042 = -4*g. Does 31 divide m?
True
Suppose 1421 = 5*g - 4*i, -2*g + 4*i + 569 = 3*i. Is g a multiple of 5?
True
Let q be (4*1/3)/(71/213). Let v be 3*(-8)/(-10)*150. Suppose -q*u + 9*u - v = 0. Is 12 a factor of u?
True
Let j(q) = q**3 - 14*q**2 - 2*q - 2. Let v be j(14). Let a = v - -87. Is a a multiple of 18?
False
Let m = 907 - 720. Is m a multiple of 48?
False
Suppose -5*x + 551 = t, 2*x + x - t = 329. Suppose -2*y + 208 = 2*n, 2*n = 3*y - 222 - x. Does 9 divide y?
True
Suppose -3593 = -3*s + d, -s - 37*d + 1189 = -33*d. Does 21 divide s?
True
Let t(y) = -75*y + 230. Is 23 a factor of t(0)?
True
Let n(y) = y**2 + 28*y - 59. Is 11 a factor of n(-35)?
False
Suppose 2024 = -9*t + 8054. Does 67 divide t?
True
Let d(z) = z**2 - 17*z + 14. Let u = 55 + -37. Does 8 divide d(u)?
True
Let f = 58 + -53. Suppose f*q = -2*q + 126. Is 3 a factor of q?
True
Let h be -2*15/(-6) + 0. Is h/((-1)/(-37 + -2)) - 4 a multiple of 14?
False
Does 57 divide 105/(-6)*(-96 - 2) - 0?
False
Let v(n) = 9*n**2 - 46*n - 165. Does 6 divide v(-15)?
True
Let o(h) = -h**3 - 7*h**2 - h + 2. Let p be o(-7). Suppose 3 = -3*i, -1 = 5*m + 2*i - p. Suppose 5*v - 18 = 4*a + 43, m*v + 3*a - 6 = 0. Is 3 a factor of v?
True
Let n be 2 + 1 + -1 + 3. Suppose -5*g = 5*p - 255, -p = -n*p + 3*g + 176. Does 7 divide p?
False
Suppose 5*z + 189 = -4*z. Let p = 81 + z. Is 20 a factor of p?
True
Suppose -w + 2*o - 5 = 0, -5*o = w - 2*w - 17. Suppose 3*v + 2 - 11 = 0. Suppose s - 11 = -3*f - f, -w = s - v*f. Is s a multiple of 3?
True
Suppose 3*f + 4*j - 12 = 0, -2*f - 3*j + 8 = -0. Suppose -f*q = -q. Suppose q = r - 3*b - 22, -2*b - 70 = -5*r - 7*b. Is 5 a factor of r?
False
Suppose k = -3*k - 4*i, -2*k = -4*i - 12. Let o(b) = -4*b - 30*b**2 + 5 + 31*b**k + 0*b. Is o(6) a multiple of 10?
False
Suppose -2*b + 13*b = 12375. Does 25 divide b?
True
Is 16 + (2231 - -14) - 1/(-1) a multiple of 78?
True
Suppose s = 0, -4*s + 7 = -3*i + 19. Is 3 a factor of -2 - 0 - (-57)/(i - 1)?
False
Suppose -u + 2*y = -0*y - 4, -4 = 2*y. Suppose b = -5*o + 37, u = -2*o - 5*b - 0*b + 24. Is 6 a factor of o?
False
Suppose 8*k - 348 - 196 = 0. Let d be 2/((3 - 1)/k). Suppose -3*l = l - d. Is 5 a factor of l?
False
Let c(z) = z**2 - 6*z - 11. Let o be c(10). Suppose -o*t + 867 = -26*t. Suppose 3*w + t = 4*p, 6*w - 370 = -5*p + w. Does 15 divide p?
False
Is 4 a factor of -1101*3*(-1)/9?
False
Suppose 4*m - 127 - 205 = 0. Suppose m + 45 = 8*z. Is 7 a factor of z?
False
Suppose 3*r - 3*p - 16 + 1 = 0, 0 = 5*r + 3*p - 41. Suppose 3*m - 15 = 0, 1085 = r*t - 2*t - 5*m. Does 27 divide ((-3)/9)/((-